82 - -78)
7
3 + (5 - 1) + (1 - 6)
2
4 - (5 - (3 - 8))
-6
What is 1 - (7 - 18) - (10 - 5)?
7
(-4 - -1 - -3) + (11 - 12)
-1
What is -6 - (6 - 7) - (0 - 0)?
-5
0 - ((49 - 51) + 1 + -1)
2
What is (-1 - (4 + -3)) + 3?
1
Evaluate 6 - (6 + 2) - 5.
-7
Evaluate (0 - 0) + (1 - 0 - 1).
0
Evaluate (-9 - (-1 + 1 + -4)) + 0.
-5
Calculate 3 - (3 + 4 - 1).
-3
Calculate 9 - (-7 + (8 - -4)).
4
Evaluate 32 + -23 - (0 - -7).
2
-1 - -3 - (-17 - (-36 + 27))
10
What is -8 + -2 + -8 + 10?
-8
0 - -2 - (10 - 2)
-6
Evaluate 4 - (-7 + 4 + 2 + -1).
6
What is the value of -1 - (-6 - (-11 - -1))?
-5
9 + 3 + -11 + 4
5
What is -1 + 7 - 5 - (2 - 1)?
0
-6 + 7 + 5 + -2
4
Calculate 10 + -8 + 5 - (10 - -2).
-5
Evaluate 2 + (3 - 4 - -2) + 0.
3
7 + 2 + 1 + (-10 - -5)
5
What is the value of 2 + -5 - (-2 + -6)?
5
Evaluate -7 - ((-2 - 0) + (-2 - -2)).
-5
-1 + -1 + (2 - (-11 - -13))
-2
What is (-3 + 5 - -3) + (21 - 29)?
-3
Evaluate 0 + 4 - (-1 - (-1 - 1)).
3
What is -7 + 2 + 1 - (28 + -33)?
1
Calculate -2 + 0 + 5 + -1.
2
Calculate 2 - (-4 + 3 - 2).
5
What is -3 + (-4 - -13 - 9)?
-3
What is the value of (4 - 5) + -2 + 2 - 0?
-1
(-2 - 2) + (45 - 44) - 0
-3
What is the value of 0 - -7 - (-155 + 165)?
-3
What is the value of (-18 - -17) + 0 + -1 + -3?
-5
Evaluate -10 + 1 + (-10 - -19) + -1.
-1
Calculate (3 - 2) + -3 + -2.
-4
What is -6 - ((5 - 7) + 1)?
-5
What is 10 + -16 + (2 - -1)?
-3
What is the value of (3 - -3) + -6 - 3?
-3
What is the value of (1 - 3) + 5 - 2?
1
Evaluate -2 + 3 + 2 - (4 - 0).
-1
Calculate -3 + -1 - (2 + -1).
-5
Calculate 0 + 3 + -5 + (-4 - -11).
5
What is the value of 10 - 2 - (-3 + 2 + 0)?
9
Evaluate (3 - (5 - 3)) + -4.
-3
Evaluate 7 + 4 + (-3 - 5).
3
What is (5 - 5) + (-2 - (-4 + 3))?
-1
Evaluate (2 - (-3 + 7 + 1)) + -1.
-4
What is 3 + (-5 - (-4 + -3)) - 4?
1
What is 0 + 4 + 3 + -3?
4
What is the value of -13 - (-19 + 1 + 9)?
-4
Evaluate 2 + 0 + -1 + -2 + 5.
4
Evaluate -9 + 3 + 1 + -4 + 2.
-7
Calculate 1 - (0 + -2 + (0 - 1)).
4
3 + (2 - 7) + 2
0
What is the value of -6 + (-1 - -3) + (4 - 3)?
-3
Evaluate 0 - (-3 + (3 - 0)).
0
What is (20 - 11) + 2 + -3?
8
Evaluate 0 + (6 - (7 - (14 - 6))).
7
What is -2 + (-3 + 4 - 3)?
-4
Evaluate -3 + -3 + 5 - -3.
2
Evaluate 2 - (-4 + -4 + 4) - 2.
4
What is the value of (-15 - -11 - -11) + 0?
7
What is (3 - (2 + -1) - 0) + 3?
5
What is 7 - (-4 + 6 - (2 - 3))?
4
Calculate 4 + 0 + 1 + 0 + -1.
4
What is 8 + (-9 - (7 + -11))?
3
What is -7 - (-12 - (-10 + 4)) - -6?
5
Evaluate -4 - -1 - (-26 - -28).
-5
-12 + 5 + -1 + 3 - -4
-1
What is -2 - 1 - (2 + -2 - 5)?
2
What is the value of 8 - (-5 + -7 + 15)?
5
What is 3 + (4 + 4 + -7 - 2)?
2
1 + -5 + 4 + 2
2
What is -5 - 2 - (-39 - -37)?
-5
What is 2 + 1 - ((6 - 12) + 11)?
-2
What is 1 + (3 - (-4 - -11))?
-3
Calculate -8 - 7 - (-3 - 6).
-6
Evaluate (3 - 3) + 10 + -2 + -16.
-8
What is -6 + (4 - 0) - (1 - 2)?
-1
-6 + 1 + 5 + -4
-4
(-2 - (3 - 4)) + 4
3
What is the value of 6 + -15 - -13 - (1 + 3)?
0
Calculate -4 - (4 + -1 + 3 - 13).
3
What is 25 + -9 + -15 - (3 - 0)?
-2
(1 - 5) + 0 + 3
-1
What is -2 - (1 + -5) - 2?
0
What is (3 - 0 - (-2 + 2)) + 0?
3
1 + 0 + (9 + -8 - 3)
-1
What is 1 + 1 + 5 + -6 + -4?
-3
Calculate -2 + (6 + 0 - (-1 - -5)).
0
Calculate (5 + -15 - (-4 + -1)) + 8.
3
Evaluate 0 - (-5 + 5 - (-1 + -3)).
-4
What is the value of 0 + -4 + 0 + (-1 - -2)?
-3
What is the value of 9 - (0 + 4) - (11 + -6)?
0
1 - (6 + -11 + 14)
-8
Evaluate -6 + 3 + (6 - 2).
1
What is -1 - (-8 + 16 + -5)?
-4
What is -3 + 2 - (-8 + 3)?
4
-2 - ((2 - 1) + (4 - 5))
-2
Evaluate 12 + -32 + (9 - -2).
-9
What is the value of 3 + (1 - 5) - (4 + -7)?
2
What is the value of -4 + 4 + -4 - -6?
2
-4 - -5 - -4 - 0
5
Calculate -13 + 8 + 0 - -4.
-1
What is (3 - -2 - 4) + 2 + 0?
3
Evaluate (4 - (2 + -1 - 2)) + 0.
5
What is the value of -8 + 2 + 9 + 2 + -11?
-6
What is the value of (1 - 1) + 0 + -1?
-1
3 + 3 + -1 + 4 + -6
3
(-1 - 0) + 2 + -5 - -3
-1
Evaluate 1 + -3 + (2 - -4).
4
Calculate 7 + (1 - 8) + -9.
-9
4 + -4 + 1 + -1 - 1
-1
(19 - (1 + 9)) + -11
-2
Calculate 7 + 0 - 2 - 3.
2
Calculate 8 - (-10 + 10) - 2.
6
Evaluate -27 + 24 + 0 + 0.
-3
Evaluate 6 - (-8 - (-5 + -12)).
-3
Evaluate (-1 - -9) + 1 - 1.
8
What is (-1 - -2) + (-3 - (-13 - -7))?
4
What is 9 + (3 - (-1 - -12))?
1
Evaluate 0 - (-1 + -4 - -5).
0
Calculate -1 - 3 - (-2 - 2 - -1).
-1
What is the value of -3 + 4 + (6 - 2) + -15?
-10
What is -6 + 0 + 3 + 6?
3
3 - ((-6 - -8) + 1)
0
What is the value of -5 + (6 - 4 - 5)?
-8
Calculate 14 - (-8 + 7 + 9).
6
What is the value of -2 - (-5 + 5 - 5)?
3
-1 + (6 - 5) + 4
4
Calculate (-1 - -10) + 5 + -21.
-7
Evaluate 3 - -2 - (19 - 14).
0
What is the value of (-3 - -11) + -9 + 2?
1
Calculate -3 + 12 + -6 + 0 + 2.
5
What is the value of 10 - (-2 + (8 - 1))?
5
Calculate -2 - ((-6 - -6) + 5 + -5).
-2
8 - 4 - 0 - 9
-5
(9 - -4 - 26) + 9
-4
Calculate (-2 + 3 - 1) + 1 - 1.
0
Evaluate 7 - (6 + 7 - 1).
-5
What is 9 - (-2 + -2 + 3 + 3)?
7
Evaluate -5 - -8 - 8 - -5.
0
Evaluate -10 + 2 - (-24 + 17).
-1
What is the value of (6 - 2) + (-3 - -6 - 4)?
3
What is the value of 4 - (-7 - (-2 + -14))?
-5
What is 30 + -26 - (-1 - -9)?
-4
-12 - (1 - (14 + 0 + -8))
-7
Calculate 4 + 0 + (-7 + 1 - -1).
-1
Evaluate (2 - 3) + 11 + -6 - -1.
5
What is the value of 3 + 0 + -2 + 1?
2
What is the value of -8 - -1 - (-9 + 6) - -2?
-2
(1 - -1) + -7 + -1 + 1
-5
Calculate 1 - (10 - 3 - (9 - 6)).
-3
-4 + (-6 + 12 - 7)
-5
Evaluate (-8 + 3 - -2) + (-2 - -1).
-4
Calculate -9 - (1 + (-5 - -2) + -2).
-5
((6 - 6) + -2 - -4) + -4
-2
Evaluate (5 - (-2 + 6)) + 2.
3
Evaluate 10 - (-2 + -10 + 15).
7
2 + 8 + 2 + -7 + 1
6
-2 - (-4 - (-4 + 5))
3
Calculate (-8 - -8) + -5 - (-2 - 4).
1
What is the value of (-23 + 14 - -4) + -4?
-9
What is 3 - (5 + -1 - 3)?
2
Evaluate 3 + -1 + (-8 - -2) + -1.
-5
-4 + 0 - (3 + -6 + -2)
1
What is the value of (7 - (4 - 1)) + 1?
5
What is 6 + -7 + 4 + (1 - 2)?
2
Evaluate (-1 - 0) + (17 - 4) + -16.
-4
What is (11 - -5) + -2 - 9?
5
What is the value of 8 - (-1 + 6) - (3 + 0)?
0
What is (-7 - ((0 - 6) + 2)) + 2?
-1
Calculate (13 + -9 - -9) + -8.
5
Calculate (-6 - -4 - 2) + 7.
3
Calculate -14 - (0 + -6 + -12).
4
Calculate (3 - 5) + -7 + 14.
5
Evaluate -3 - (-5 - (-2 - 4)).
-4
What is 4 + (1 - -2 - 4 - 0)?
3
What is -3 - (4 + -10 + 2)?
1
What is the value of 5 + -5 - (0 - -4) - -6?
2
What is the value of (12 - 4 - 2) + 1?
7
Calculate -1 - 5 - (0 + -2).
-4
7 + (3 - 4) - 4
2
Evaluate 0 - (-1 + 11) - (-1 + -3).
-6
(-12 - -4) + (7 - (3 - 0))
-4
Evaluate 3 - (7 + 0) - (-1 - 0).
-3
Calculate 19 + -14 + 0 + -11.
-6
Evaluate -8 + (0 - (-5 - 5)).
2
1 - -1 - (2 - 3 - 0)
3
Evaluate -12 - (-15 - (12 + -8)).
7
What is the value of 2 + -6 + (4 - 0) - -5?
5
Calculate 7 + (3 + -6 - (11 - -3)).
-10
What is the value of (-10 - (-15 - -6)) + -5?
-6
Evaluate -2 + 1 + -2 - (-4 + 3).
-2
Calculate 8 + -8 + (-2 - 0).
-2
Evaluate -1 + 0 - (3 - (4 + 2)).
2
(41 - 33) + 3 + 0 + -2
9
What is 6 - (7 + (-3 - 1))?
3
-12 + -18 + 14 + 13
-3
What is -1 - (4 - 6 - (-2 - 2))?
-3
What is the value of 3 + 4 + (2 + -16 - -4)?
-3
Evaluate 6 + (10 - 7 - 12).
-3
What is the value of 3 + (-2 - 3) + (-15 - -20)?
3
Calculate 1 + (6 - 4 - 3 - 5).
-5
Calculate (-35 - -42) + -8 + 1.
0
(-2 - 6) + 1 + 8
1
Evaluate -10 + (6 - (3 - 7)).
0
Evaluate 2 + -1 - (6 - 5).
0
1 - -20 - (-19 - -33)
7
5 + -8 + (0 - 0)
-3
1 + 9 + (-6 - -2)
6
-3 + 1 + 1 + 0
-1
Evaluate -10 + 5 + -3 + 5 + -3.
-6
Evaluate -24 + 13 - (-4 - 4).
-3
What is 1 + (2 - 0) + (394 - 396)?
1
What is (6 - 4) + -4 + -1?
-3
Evaluate 1 - 0 - (-4 + -1).
6
1 + 1 - (-6 + 3 + 11)
-6
2 - (-9 + (10 - 7))
8
What is 4 - (3 + (4 - 8 - -1))?
4
Evaluate 2 + -4 - (-11 + 10).
-1
Calculate (-6 - (1 + -3)) + -1 + 0.
-5
2 + (-3 - 1) + -1 - -3
0
What is (-4 - -7) + -1 + 1?
3
What is the value of -4 + 0 + 1 + 1?
-2
Calculate 8 - 2 - (14 - 14).
6
Evaluate (-5 - -3) + (1 - -2 - 1).
0
Evaluate 1 - (-9 + 11) - -2.
1
What is -6 + (-89 - -93) + (1 - -8)?
7
0 + 1 + 9 + -4
6
What is -6 + (0 - 0) + 18 + -16?
-4
What is -8 + 8 + (1 - 2)?
-1
Calculate -2 - 1 - 0 - (2 - 7).
2
Calculate (2 - (-2 - -4)) + (0 - 3).
-3
(7 - 4) + 1 + -3 + -4
-3
What is -4 + 6 + -6 + 9?
5
-36 + 41 - ((-1 - -2) + -2)
6
What is 2 + 1 + (4 - 2 - 6)?
-1
Calculate 0 - (2 - (-2 - -9)).
5
What is the value of (1 + 6 - 4 - -1) + -4?
0
-4 - (5 - 7 - 7)
5
What is 1 + 1 + -1 + -1?
0
(-12 - 5) + -12 + 25
-4
What is -4 - (